*m - m**3 + 9*m**2 - 21*m**2. Calculate n(-3).
-15
Suppose -4*w + 6*n = 4*n - 26, 8 = w - n. Let l(x) = -x**2 + 6*x. What is l(w)?
5
Let i(g) be the third derivative of -11*g**7/2520 + g**5/120 + g**4/24 - 3*g**2. Let v(z) be the second derivative of i(z). Calculate v(1).
-10
Suppose -13 + 3 = -2*h. Suppose 0 = 5*k + h, -5*k = 3*q - 4*q + 4. Let y(v) = 8*v**2 + 2*v + 1. What is y(q)?
7
Let a(c) = -c**3 - c**2 + c. Let p(i) = 5*i**3 + 6*i**2 - 7*i - 4. Let w(f) = 6*a(f) + p(f). Give w(0).
-4
Suppose u = -2*u - 9. Let l(t) = -t + 1. What is l(u)?
4
Let h = 12 - 17. Let r(n) = n**2 + 6*n + 5. Give r(h).
0
Let a(p) = -2 + 3 + 2*p - 3 + 3. Let u = 10 - 9. Give a(u).
3
Suppose -4*c - 8 = 4*c. Let d(r) = -2*r**2 - 1. Determine d(c).
-3
Let l(o) = -o**3 - 16*o**2 + 16*o - 16. Let r be l(-17). Let u(j) = 14*j**3 + j**2 - j. What is u(r)?
14
Let q(p) = 3*p**3 - p**2 - 9. Let m(u) = 7*u**3 - 2*u**2 - 19. Suppose 0*l + 5*l = -10. Let v(o) = l*m(o) + 5*q(o). Calculate v(0).
-7
Let w be 6/(3 + -2 + 0). Let u = 8 - w. Let s(o) = o**3 - 4*o**2 - 2 - 4 - u*o - 3*o. Calculate s(5).
-6
Let r(d) = 2*d + 0*d + 0*d**2 - d**2 - 3 - d**3. Calculate r(2).
-11
Let g(c) = -942 + 942 + 6*c. Determine g(-1).
-6
Suppose 1 = 3*o - 2. Suppose 4*r = -r - 3*s + 57, 4*s + 2 = 2*r. Let i(c) = 9 + c + 3*c**2 - r. Give i(o).
4
Let j(v) be the second derivative of v**5/20 - v**3/6 + 5*v. Let o be (-2)/(-4) + 1/2. Determine j(o).
0
Let m = 2 + 14. Let z = m - 11. Let r(u) = -u**3 - u**2 + u - 1. Let a(v) = 2*v**3 + 9*v**2 - 6*v - 4. Let k(l) = -a(l) - 3*r(l). Give k(z).
-3
Let r be -6*-2*2/6. Suppose -p = p + r. Let n(w) = -5*w + 2. Let i(u) = 4*u - 2. Let g(c) = -6*i(c) - 5*n(c). What is g(p)?
0
Let b be 0 - (-3 - -3) - 0. Let y(p) = 0*p + b + p**2 + 6 + 7*p. Give y(-5).
-4
Let k(c) = -6 + 7*c**2 - c**2 - 730*c - c**3 + 731*c + 0*c**2. Let r = 0 + 6. Calculate k(r).
0
Let i(g) = g - 4. Suppose -n = -f - 14, f = -2*f - 3*n - 36. Let p = f - -10. Give i(p).
-7
Let p(v) = v + 76 + 75 - 154. Give p(6).
3
Let n(t) be the second derivative of -t**5/20 - t**4/4 + 15*t. Calculate n(-4).
16
Let j(x) = -x**3 - x**2 - x + 5. Let w be (-3)/15 + 3/15. What is j(w)?
5
Let f(t) = t**3 + 5*t**2 + 2. Let a be f(-5). Suppose a*l + 0*l = 6. Let n be 6 - ((-2)/1 + l). Let p(j) = -2*j + 7. Give p(n).
-3
Let q(y) = -y**3 + 4*y**2 - 1. Let c = 41 + -39. What is q(c)?
7
Let w(h) = -5*h**2 + 3. Let l(c) = 10*c**2 - 7. Let r(f) = 2*l(f) + 5*w(f). Let t = -3 + 4. Let z be r(t). Let o(s) = s**2 + 5*s + 1. Give o(z).
-3
Let t be 1 - (-2 - -1) - -1. Let u(s) = s**2 - 3 - s**2 - s**t - 4*s - 4*s**2. Suppose 3*a + 3*x + 6 = 0, 8 = -3*a - 5*x + 2. Calculate u(a).
-3
Let k(l) = l + 6. Suppose 20 = -3*h - 5*d, 0*d + 16 = -h - 4*d. What is k(h)?
6
Let k(y) be the second derivative of 6*y + 1/2*y**2 + 0 + 1/6*y**3. What is k(-5)?
-4
Let q(v) = v**3 + 3*v**2 + 4*v - 1. Let l(x) = 4*x**3 + 1. Suppose 35 = -5*b - 4*d, -d = -0*d + 5. Let m = b - -2. Let r be l(m). Calculate q(r).
-13
Suppose -56 = -m + 3*m. Let a = -20 - m. Suppose 0 = 5*u - 17 - a. Let o(f) = f**3 - 5*f**2 + f + 1. Calculate o(u).
6
Let w(v) = -v**3 - 6*v**2 - 7*v - 6. Suppose 3*h - 11 = -2. Suppose 2*i = -h*j - 21, -3*j - j + 2*i = 14. Give w(j).
4
Let w be (-32)/(-14) + (-4)/14. Let s(x) = 0*x**2 - x**w + 2*x + x. Suppose 0 = 7*u - 38 + 3. Calculate s(u).
-10
Let k(h) = -3*h + h**2 + 2*h - 2 - 4*h. Give k(5).
-2
Suppose -3*q = 4*m - 7, -2*m - 4*q = -8 - 8. Suppose 4 = t + t. Let h(i) = 6*i - 3*i + 0*i - t - 4*i. Give h(m).
0
Let d(r) = -r**2 - 12*r - 4. Let h be d(-12). Let p(k) = k. Let c(b) = -b**2 - 7*b - 1. Let u(o) = -c(o) - 6*p(o). Determine u(h).
13
Let t(d) be the second derivative of -2*d**2 - 4*d - 1/6*d**3 + 0 + 1/12*d**4. Suppose -6*o = -3*o. Give t(o).
-4
Suppose 5*v = -20 - 5. Let u(j) = j - 3*j - 6*j**2 - 2*j + 2 + 5 - j**3. Let q be u(v). Let d(a) = -a**2 + 2*a + 1. Give d(q).
1
Let h(p) = 4*p**3 + 2*p - 1. Suppose -m - 1 = c, 0 = c + 2*c - 3*m + 3. Let q be -2*-2*c/(-2). Suppose -q*r + 4 = 2*r. Determine h(r).
5
Let y(c) = -2*c. Let m be y(-3). Let r(n) be the second derivative of n**5/20 - n**4/2 + 2*n**2 - 30*n. Determine r(m).
4
Let a(m) = 15*m**3 + m**2 + 12*m + 1. Let p = 3 + 10. Let v(b) = -7*b**3 - 6*b. Let r(j) = p*v(j) + 6*a(j). Let s = -4 + 9. Give r(s).
1
Let k(n) = -n + 7. Suppose -3*y + 0 = -3. Let a(d) = d**2 - 2*d + 1. Let z be a(y). Give k(z).
7
Suppose 4*h = 7*h - 15. Let l = 5 + -2. Suppose 8 = 5*u - 3*a, 0 = h*u + 4*a + 2 - l. Let w(p) = -p**3. Calculate w(u).
-1
Let g(j) = -4*j - 7. Let x(b) = b**2 + 8*b + 15. Let m(u) = -5*g(u) - 2*x(u). Let n = 13 + -9. Give m(n).
-11
Let x(d) = 6*d**2 - 2*d + 1. Let a(l) = 6*l + 2 - 3 + l**2 + 0 - 5. Let p be a(-7). Calculate x(p).
5
Let p(g) = 10*g**2 + g. Suppose 0 = -2*q - 2 - 0. What is p(q)?
9
Let z be (-1 - -3) + (-21)/(-7). Let g(u) = u**3 - 5*u**2 - 6. Calculate g(z).
-6
Let i(j) be the second derivative of 1/12*j**4 - 9*j + 0 - 3/2*j**2 + 0*j**3. What is i(-3)?
6
Let u(f) = 3 + 0*f - 3*f + 4*f. Let p(y) = 4*y + 24. Let x be p(-7). Give u(x).
-1
Suppose -3*h - 3 = -18. Let g = h - 5. Let b(i) = 5*i**2 - 5*i**3 + g*i**3 - 6*i + 1 + 4*i**3. What is b(4)?
-7
Let s(g) be the first derivative of -g**4/4 - 4*g**3/3 - g**2 - g - 9. Give s(-3).
-4
Suppose -6*j = -j. Suppose 0*x = -x + 4. Let o(p) = -4*p - 5 - x*p + 4*p + 3*p. Give o(j).
-5
Let z(s) = s - 36. Let m(b) = -7. Let y(a) = -11*m(a) + 2*z(a). What is y(-5)?
-5
Suppose 3*u - 8 = u. Let k(x) = x**2 - 5*x - 3. What is k(u)?
-7
Let l(q) = 2*q - 9. Let m be l(6). Let h(o) = -2*o**2 + 0*o**2 - o**3 - o + 5*o**3 - 2*o**m - 1. Determine h(2).
5
Let m(v) = v + 2. Let k be 615/10 - (-6)/(-4). Let n be -1 + k/((-3)/(-1)). Suppose -4 = -5*b - n. Calculate m(b).
-1
Let o(i) = -i**2 + i - 13. Let g(c) = -c**2 + 7*c - 12. Let k be g(4). Determine o(k).
-13
Let t(z) = -4*z - 14. Let i(x) = x + 3. Let p(w) = 9*i(w) + 2*t(w). Give p(7).
6
Let n(x) = 2*x - 6. Let a be (6/(-5))/(15/(-50)). Determine n(a).
2
Let w = 40 + -42. Let c(j) = j**2. Calculate c(w).
4
Let k be 141/(-15) - 12/20. Let b be ((-4)/k)/(2/10). Let n(y) = b*y**3 + 2*y**3 - 3*y**3 - 2 + 5*y - 4*y. What is n(2)?
8
Let k(d) = d**3 + 5*d**2 + d - 5. Let y = -20 - -16. Give k(y).
7
Let q(j) = 2*j**2 - 6*j. Let t(r) = 3*r**2 - 9*r. Let u(v) = -7*q(v) + 5*t(v). Let o(i) = -i + 3. Let w be o(-5). Suppose k - 3*k = -w. What is u(k)?
4
Let k(l) = -3*l - 1. Let t(w) = -4*w - 1. Let u(f) = 2*k(f) - 3*t(f). Suppose 4*v + 1 = 5. Give u(v).
7
Let v(h) = h**2 - 4. Let p be v(0). Let k(m) = 5*m + 5*m + 6 - 6*m. Calculate k(p).
-10
Let m(j) be the third derivative of j**5/60 - j**4/3 + 7*j**3/6 - 9*j**2. Determine m(6).
-5
Let p(g) be the third derivative of -g**6/24 + g**5/30 - g**4/12 + g**3/6 - 3*g**2. Calculate p(1).
-4
Suppose 2*x = 3*f - 25, -3*f + 5 = 2*x - 0*x. Let c(d) be the first derivative of d**3/3 + 2*d**2 - 3*d + 305. What is c(x)?
2
Let q(l) = 0*l + 0*l - l. Let n(u) = u + 11. Let m be n(-6). Suppose -3 = -2*j + m*j. What is q(j)?
1
Let a(o) be the second derivative of o**8/6720 - o**7/840 + o**4/3 - o. Let y(t) be the third derivative of a(t). Give y(2).
-4
Let s(o) be the first derivative of -1/2*o**2 + 3 + 3*o. Calculate s(6).
-3
Let g(x) = -x - 8. Suppose 0*f = -3*f. Give g(f).
-8
Let z(q) = 4*q**2 - 4. Let b(o) = o**2 - 1. Let s be (2/3)/((-10)/(-15)). Let p(i) = s*z(i) - 5*b(i). Calculate p(2).
-3
Let i = 0 + 3. Let l(t) be the first derivative of -t**4/4 + 2*t**3/3 + 2*t**2 - 3*t - 207. Give l(i).
0
Let n(j) be the third derivative of j**6/72 + j**3/6 + j**2. Let q(l) be the first derivative of n(l). Calculate q(1).
5
Let r(k) = -2*k**2 - 2*k - 1. Suppose 5*b - 2*w - 2 = 0, 3*b = 5*b - 4*w + 12. Suppose 4*h - b + 10 = 0. Let i be r(h). Let z(a) = -a - 5. What is z(i)?
0
Let u(v) = 5*v**2 - 12*v + 4. Let c(r) = -15*r**2 + 13 + 33*r**2 - 35*r - 4*r**2. Let d(z) = -6*c(z) + 17*u(z). What is d(-8)?
6
Let o(h) be the second derivative of 1/2*h**2 + 1/6*h**3 - 5*h + 0. Give o(1).
2
Suppose h + 6 = -13. Let y = -30 - h. Let u = y - -6. Let s(k) = k**3 + 6*k**2 + 5*k - 4. What is s(u)?
-4
Let o(r) = -r**2 + 4*r - 3. Let c(n) = 5 - n**2 - 2 - 1 + 3*n - 4. Let z(g) = -4*c(g) + 5*o(g). Give z(6).
5
Let f(n) = -n**3 - 6*n**2 + 6. Suppose -3*z - 1 = 17. What is f(z)?
6
Let b